{"id":354,"date":"2024-07-19T11:44:18","date_gmt":"2024-07-19T16:44:18","guid":{"rendered":"https:\/\/trazabilidad.agricultura.gob.ec\/?page_id=354"},"modified":"2025-03-24T00:09:05","modified_gmt":"2025-03-24T05:09:05","slug":"cooperacion-internacional","status":"publish","type":"page","link":"https:\/\/trazabilidad.agricultura.gob.ec\/?page_id=354","title":{"rendered":"Cooperaci\u00f3n Internacional"},"content":{"rendered":"\n<div class=\"wp-block-media-text alignwide is-stacked-on-mobile is-vertically-aligned-center has-tertiary-background-color has-background\" style=\"grid-template-columns:42% auto\"><figure class=\"wp-block-media-text__media\"><img loading=\"lazy\" decoding=\"async\" width=\"1024\" height=\"596\" src=\"https:\/\/trazabilidad.agricultura.gob.ec\/wp-content\/uploads\/2025\/03\/iGENES-TRAZA-WEB-11-1024x596.png\" alt=\"\" class=\"wp-image-1303 size-full\" srcset=\"https:\/\/trazabilidad.agricultura.gob.ec\/wp-content\/uploads\/2025\/03\/iGENES-TRAZA-WEB-11-1024x596.png 1024w, https:\/\/trazabilidad.agricultura.gob.ec\/wp-content\/uploads\/2025\/03\/iGENES-TRAZA-WEB-11-300x175.png 300w, https:\/\/trazabilidad.agricultura.gob.ec\/wp-content\/uploads\/2025\/03\/iGENES-TRAZA-WEB-11-768x447.png 768w, https:\/\/trazabilidad.agricultura.gob.ec\/wp-content\/uploads\/2025\/03\/iGENES-TRAZA-WEB-11-1536x894.png 1536w, https:\/\/trazabilidad.agricultura.gob.ec\/wp-content\/uploads\/2025\/03\/iGENES-TRAZA-WEB-11-2048x1192.png 2048w\" sizes=\"auto, (max-width: 1024px) 100vw, 1024px\" \/><\/figure><div class=\"wp-block-media-text__content\">\n<h2 class=\"wp-block-heading has-text-color\" style=\"color:#000000;font-size:20px\"><strong><strong><strong>Uni\u00f3n Europea \u2013 EUDR<\/strong><\/strong><\/strong><span style=\"font-size: medium; white-space-collapse: collapse;\"><\/span><\/h2>\n\n\n\n<p class=\"has-text-color\" style=\"color:#000000;font-size:15px\">La Uni\u00f3n Europea (UE) impulsa el Reglamento sobre productos libres de deforestaci\u00f3n (EUDR), que tiene como objetivo garantizar que productos comercializados en el mercado europeo \u2014como cacao, caf\u00e9, aceite de palma, carne bovina, madera y sus derivados\u2014 no provengan de tierras deforestadas ni generen impactos negativos en los derechos humanos o en el ambiente. Este reglamento aplica tanto a productos importados como producidos dentro de la UE.<\/p>\n\n\n\n<p style=\"font-size:15px\">En 2023, la UE y el MAG lanzaron una hoja de ruta para mejorar la sostenibilidad en las cadenas de valor de cacao, caf\u00e9 y palma, en el marco del EUDR y el Pacto Verde Europeo.<\/p>\n\n\n\n<p style=\"font-size:15px\">Se desarrollaron diagn\u00f3sticos integrales que identifican brechas en trazabilidad, gobernanza forestal y certificaci\u00f3n ambiental, con el objetivo de orientar la pol\u00edtica p\u00fablica y la cooperaci\u00f3n t\u00e9cnica.<\/p>\n\n\n\n<p><\/p>\n\n\n\n<div class=\"wp-block-buttons is-content-justification-left is-layout-flex wp-container-core-buttons-is-layout-8ec70938 wp-block-buttons-is-layout-flex\" style=\"margin-top:0;margin-bottom:0\">\n<div class=\"wp-block-button has-custom-width wp-block-button__width-50 has-custom-font-size is-style-fill\" style=\"font-size:0.9rem\"><a class=\"wp-block-button__link has-luminous-vivid-orange-background-color has-background wp-element-button\" href=\"https:\/\/environment.ec.europa.eu\/topics\/forests\/deforestation\/regulation-deforestation-free-products_en\" style=\"border-style:none;border-width:0px;border-radius:0px;padding-top:var(--wp--preset--spacing--20);padding-right:0;padding-bottom:var(--wp--preset--spacing--20);padding-left:0\"><strong><strong>Sitio oficial:<\/strong><\/strong><\/a><\/div>\n<\/div>\n<\/div><\/div>\n\n\n\n<div class=\"wp-block-media-text alignwide is-stacked-on-mobile is-vertically-aligned-center has-tertiary-background-color has-background\" style=\"grid-template-columns:42% auto\"><figure class=\"wp-block-media-text__media\"><img loading=\"lazy\" decoding=\"async\" width=\"1024\" height=\"596\" src=\"https:\/\/trazabilidad.agricultura.gob.ec\/wp-content\/uploads\/2025\/03\/iGENES-TRAZA-WEB-05-1024x596.png\" alt=\"\" class=\"wp-image-1289 size-full\" srcset=\"https:\/\/trazabilidad.agricultura.gob.ec\/wp-content\/uploads\/2025\/03\/iGENES-TRAZA-WEB-05-1024x596.png 1024w, https:\/\/trazabilidad.agricultura.gob.ec\/wp-content\/uploads\/2025\/03\/iGENES-TRAZA-WEB-05-300x175.png 300w, https:\/\/trazabilidad.agricultura.gob.ec\/wp-content\/uploads\/2025\/03\/iGENES-TRAZA-WEB-05-768x447.png 768w, https:\/\/trazabilidad.agricultura.gob.ec\/wp-content\/uploads\/2025\/03\/iGENES-TRAZA-WEB-05-1536x894.png 1536w, https:\/\/trazabilidad.agricultura.gob.ec\/wp-content\/uploads\/2025\/03\/iGENES-TRAZA-WEB-05-2048x1192.png 2048w\" sizes=\"auto, (max-width: 1024px) 100vw, 1024px\" \/><\/figure><div class=\"wp-block-media-text__content\">\n<h2 class=\"wp-block-heading has-text-color\" style=\"color:#000000;font-size:20px\"><strong><strong><strong>GIZ \u2013 Cooperaci\u00f3n Alemana<\/strong><\/strong><\/strong><span style=\"font-size: medium; white-space-collapse: collapse;\"><\/span><\/h2>\n\n\n\n<p class=\"has-text-color\" style=\"color:#000000;font-size:15px\">La GIZ es la agencia alemana de cooperaci\u00f3n t\u00e9cnica para el desarrollo sostenible, operando por encargo del Gobierno Federal de Alemania. En Ecuador, mantiene una cooperaci\u00f3n activa con el Ministerio de Agricultura y Ganader\u00eda (MAG), orientada a fortalecer la sostenibilidad del sector agropecuario y a apoyar al pa\u00eds en su transici\u00f3n hacia una econom\u00eda verde.<\/p>\n\n\n\n<p style=\"font-size:15px\">El enfoque principal de GIZ en Ecuador se basa en mejorar la gobernanza del uso del suelo, impulsar cadenas de valor sostenibles y generar alternativas productivas que conserven la biodiversidad. En coordinaci\u00f3n con el MAG, la cooperaci\u00f3n incluye:<\/p>\n\n\n\n<p class=\"has-text-color\" style=\"color:#000000;font-size:15px\">Acompa\u00f1amiento en la implementaci\u00f3n de <strong>criterios de sostenibilidad<\/strong>, incluyendo est\u00e1ndares sociales, ambientales y de deforestaci\u00f3n cero.<\/p>\n\n\n\n<p style=\"font-size:15px\">Fortalecimiento de los marcos normativos y capacidades t\u00e9cnicas para el ordenamiento territorial y la planificaci\u00f3n rural.<\/p>\n\n\n\n<p style=\"font-size:15px\">Apoyo t\u00e9cnico en sistemas de <strong>trazabilidad productiva y ambiental<\/strong>, particularmente en las cadenas de cacao, caf\u00e9 y palma aceitera.<\/p>\n\n\n\n<p class=\"has-text-color\" style=\"color:#000000;font-size:15px\"><\/p>\n\n\n\n<div class=\"wp-block-buttons is-layout-flex wp-block-buttons-is-layout-flex\">\n<div class=\"wp-block-button has-custom-width wp-block-button__width-50 has-custom-font-size is-style-fill\" style=\"font-size:0.9rem\"><a class=\"wp-block-button__link has-luminous-vivid-amber-background-color has-background wp-element-button\" href=\"https:\/\/www.giz.de\/en\/worldwide\/28451.html\" style=\"padding-top:var(--wp--preset--spacing--20);padding-right:0;padding-bottom:var(--wp--preset--spacing--20);padding-left:0\"><strong>Sitio oficial:<\/strong><\/a><\/div>\n<\/div>\n<\/div><\/div>\n\n\n\n<div class=\"wp-block-media-text alignwide is-stacked-on-mobile is-vertically-aligned-center has-tertiary-background-color has-background\" style=\"grid-template-columns:42% auto\"><figure class=\"wp-block-media-text__media\"><img loading=\"lazy\" decoding=\"async\" width=\"1024\" height=\"596\" src=\"https:\/\/trazabilidad.agricultura.gob.ec\/wp-content\/uploads\/2025\/03\/iGENES-TRAZA-WEB-07-1024x596.png\" alt=\"\" class=\"wp-image-1287 size-full\" srcset=\"https:\/\/trazabilidad.agricultura.gob.ec\/wp-content\/uploads\/2025\/03\/iGENES-TRAZA-WEB-07-1024x596.png 1024w, https:\/\/trazabilidad.agricultura.gob.ec\/wp-content\/uploads\/2025\/03\/iGENES-TRAZA-WEB-07-300x175.png 300w, https:\/\/trazabilidad.agricultura.gob.ec\/wp-content\/uploads\/2025\/03\/iGENES-TRAZA-WEB-07-768x447.png 768w, https:\/\/trazabilidad.agricultura.gob.ec\/wp-content\/uploads\/2025\/03\/iGENES-TRAZA-WEB-07-1536x894.png 1536w, https:\/\/trazabilidad.agricultura.gob.ec\/wp-content\/uploads\/2025\/03\/iGENES-TRAZA-WEB-07-2048x1192.png 2048w\" sizes=\"auto, (max-width: 1024px) 100vw, 1024px\" \/><\/figure><div class=\"wp-block-media-text__content\">\n<h2 class=\"wp-block-heading has-text-color\" style=\"color:#000000;font-size:20px\"><strong><strong><strong><strong><strong>Programa Pago por Resultados \/ ProAmazon\u00eda<\/strong><\/strong><\/strong><\/strong><\/strong><span style=\"font-size: medium; white-space-collapse: collapse;\"><\/span><\/h2>\n\n\n\n<p class=\"has-text-color\" style=\"color:#000000;font-size:15px\">Rikolto es una organizaci\u00f3n internacional que trabaja por sistemas alimentarios sostenibles e inclusivos en Am\u00e9rica Latina, \u00c1frica, Europa y Asia. En Ecuador, su enfoque se basa en el fortalecimiento de las organizaciones de productores y de los sistemas alimentarios territoriales, generando alianzas entre productores, gobiernos locales, consumidores, sector privado y academia.<br>Rikolto y Ecuador firmaron un convenio para impulsar conjuntamente cadenas de valor sostenibles, con \u00e9nfasis en peque\u00f1os y medianos productores de cacao, caf\u00e9, arroz, pl\u00e1tano y otros rubros estrat\u00e9gicos.<\/p>\n\n\n\n<p class=\"has-text-color\" style=\"color:#000000;font-size:15px\"><\/p>\n\n\n\n<div class=\"wp-block-buttons is-content-justification-left is-layout-flex wp-container-core-buttons-is-layout-8ec70938 wp-block-buttons-is-layout-flex\" style=\"margin-top:0;margin-bottom:0\">\n<div class=\"wp-block-button has-custom-width wp-block-button__width-50 has-custom-font-size is-style-fill\" style=\"font-size:0.9rem\"><a class=\"wp-block-button__link has-luminous-vivid-orange-background-color has-background wp-element-button\" href=\"https:\/\/latinoamerica.rikolto.org\/paises\/ecuador\" style=\"border-style:none;border-width:0px;border-radius:0px;padding-top:var(--wp--preset--spacing--20);padding-right:0;padding-bottom:var(--wp--preset--spacing--20);padding-left:0\"><strong>Sitio oficial:<\/strong><\/a><\/div>\n<\/div>\n<\/div><\/div>\n\n\n\n<div class=\"wp-block-media-text alignwide is-stacked-on-mobile is-vertically-aligned-center has-tertiary-background-color has-background\" style=\"grid-template-columns:42% auto\"><figure class=\"wp-block-media-text__media\"><img loading=\"lazy\" decoding=\"async\" width=\"1024\" height=\"596\" src=\"https:\/\/trazabilidad.agricultura.gob.ec\/wp-content\/uploads\/2025\/03\/iGENES-TRAZA-WEB-10-1024x596.png\" alt=\"\" class=\"wp-image-1304 size-full\" srcset=\"https:\/\/trazabilidad.agricultura.gob.ec\/wp-content\/uploads\/2025\/03\/iGENES-TRAZA-WEB-10-1024x596.png 1024w, https:\/\/trazabilidad.agricultura.gob.ec\/wp-content\/uploads\/2025\/03\/iGENES-TRAZA-WEB-10-300x175.png 300w, https:\/\/trazabilidad.agricultura.gob.ec\/wp-content\/uploads\/2025\/03\/iGENES-TRAZA-WEB-10-768x447.png 768w, https:\/\/trazabilidad.agricultura.gob.ec\/wp-content\/uploads\/2025\/03\/iGENES-TRAZA-WEB-10-1536x894.png 1536w, https:\/\/trazabilidad.agricultura.gob.ec\/wp-content\/uploads\/2025\/03\/iGENES-TRAZA-WEB-10-2048x1192.png 2048w\" sizes=\"auto, (max-width: 1024px) 100vw, 1024px\" \/><\/figure><div class=\"wp-block-media-text__content\">\n<h2 class=\"wp-block-heading has-text-color\" style=\"color:#000000;font-size:20px\"><strong><strong><strong><strong>Rikolto<\/strong><\/strong><\/strong><\/strong><span style=\"font-size: medium; white-space-collapse: collapse;\"><\/span><\/h2>\n\n\n\n<p class=\"has-text-color\" style=\"color:#000000;font-size:15px\">Rikolto es una organizaci\u00f3n internacional que trabaja por sistemas alimentarios sostenibles e inclusivos en Am\u00e9rica Latina, \u00c1frica, Europa y Asia. En Ecuador, su enfoque se basa en el fortalecimiento de las organizaciones de productores y de los sistemas alimentarios territoriales, generando alianzas entre productores, gobiernos locales, consumidores, sector privado y academia.<br>Rikolto y Ecuador firmaron un convenio para impulsar conjuntamente cadenas de valor sostenibles, con \u00e9nfasis en peque\u00f1os y medianos productores de cacao, caf\u00e9, arroz, pl\u00e1tano y otros rubros estrat\u00e9gicos.<\/p>\n\n\n\n<p class=\"has-text-color\" style=\"color:#000000;font-size:15px\"><\/p>\n\n\n\n<div class=\"wp-block-buttons is-content-justification-left is-layout-flex wp-container-core-buttons-is-layout-8ec70938 wp-block-buttons-is-layout-flex\" style=\"margin-top:0;margin-bottom:0\">\n<div class=\"wp-block-button has-custom-width wp-block-button__width-50 has-custom-font-size is-style-fill\" style=\"font-size:0.9rem\"><a class=\"wp-block-button__link has-luminous-vivid-orange-background-color has-background wp-element-button\" href=\"https:\/\/latinoamerica.rikolto.org\/paises\/ecuador\" style=\"border-style:none;border-width:0px;border-radius:0px;padding-top:var(--wp--preset--spacing--20);padding-right:0;padding-bottom:var(--wp--preset--spacing--20);padding-left:0\"><strong>Sitio oficial:<\/strong><\/a><\/div>\n<\/div>\n<\/div><\/div>\n\n\n\n<div class=\"wp-block-media-text alignwide is-stacked-on-mobile is-vertically-aligned-center has-tertiary-background-color has-background\" style=\"grid-template-columns:42% auto\"><figure class=\"wp-block-media-text__media\"><img loading=\"lazy\" decoding=\"async\" width=\"1024\" height=\"596\" src=\"https:\/\/trazabilidad.agricultura.gob.ec\/wp-content\/uploads\/2025\/03\/iGENES-TRAZA-WEB-06-1024x596.png\" alt=\"\" class=\"wp-image-1288 size-full\" srcset=\"https:\/\/trazabilidad.agricultura.gob.ec\/wp-content\/uploads\/2025\/03\/iGENES-TRAZA-WEB-06-1024x596.png 1024w, https:\/\/trazabilidad.agricultura.gob.ec\/wp-content\/uploads\/2025\/03\/iGENES-TRAZA-WEB-06-300x175.png 300w, https:\/\/trazabilidad.agricultura.gob.ec\/wp-content\/uploads\/2025\/03\/iGENES-TRAZA-WEB-06-768x447.png 768w, https:\/\/trazabilidad.agricultura.gob.ec\/wp-content\/uploads\/2025\/03\/iGENES-TRAZA-WEB-06-1536x894.png 1536w, https:\/\/trazabilidad.agricultura.gob.ec\/wp-content\/uploads\/2025\/03\/iGENES-TRAZA-WEB-06-2048x1192.png 2048w\" sizes=\"auto, (max-width: 1024px) 100vw, 1024px\" \/><\/figure><div class=\"wp-block-media-text__content\">\n<h2 class=\"wp-block-heading has-text-color\" style=\"color:#000000;font-size:20px\"><strong><strong><strong><strong><strong>AL-INVEST Verde<\/strong><\/strong><\/strong><\/strong><\/strong><span style=\"font-size: medium; white-space-collapse: collapse;\"><\/span><\/h2>\n\n\n\n<p class=\"has-text-color\" style=\"color:#000000;font-size:15px\">AL-INVEST Verde es un programa de la Uni\u00f3n Europea que apoya la transici\u00f3n de Am\u00e9rica Latina hacia una econom\u00eda sostenible y libre de deforestaci\u00f3n. En Ecuador, se enfoca principalmente en fortalecer las capacidades p\u00fablicas y privadas para cumplir con los requisitos del Reglamento Europeo sobre productos libres de deforestaci\u00f3n (EUDR), especialmente en las cadenas de cacao, caf\u00e9, palma y productos forestales.<\/p>\n\n\n\n<p style=\"font-size:15px\">El programa trabaja en estrecha colaboraci\u00f3n con el MAG para implementar mecanismos de trazabilidad y monitoreo que garanticen el origen legal y sostenible de productos agroalimentarios ecuatorianos. Las acciones espec\u00edficas incluyen:<\/p>\n\n\n\n<p class=\"has-text-color\" style=\"color:#000000;font-size:15px\">\u2022 <strong>Trabajo territorial en Manab\u00ed, Esmeraldas y Sucumb\u00edos<\/strong><\/p>\n\n\n\n<p style=\"font-size:15px\">\u2022 <strong>Trazabilidad en la cadena de cacao<\/strong><\/p>\n\n\n\n<p style=\"font-size:15px\">\u2022 <strong>Adaptaci\u00f3n al EUDR<\/strong><\/p>\n\n\n\n<p style=\"font-size:15px\">\u2022 <strong>Fortalecimiento de capacidades t\u00e9cnicas<\/strong><\/p>\n\n\n\n<p class=\"has-text-color\" style=\"color:#000000;font-size:15px\"><\/p>\n\n\n\n<div class=\"wp-block-buttons is-content-justification-left is-layout-flex wp-container-core-buttons-is-layout-8ec70938 wp-block-buttons-is-layout-flex\" style=\"margin-top:0;margin-bottom:0\">\n<div class=\"wp-block-button has-custom-width wp-block-button__width-50 has-custom-font-size is-style-fill\" style=\"font-size:0.9rem\"><a class=\"wp-block-button__link has-luminous-vivid-orange-background-color has-background wp-element-button\" href=\"https:\/\/alinvest-verde.eu\" style=\"border-style:none;border-width:0px;border-radius:0px;padding-top:var(--wp--preset--spacing--20);padding-right:0;padding-bottom:var(--wp--preset--spacing--20);padding-left:0\"><strong>Sitio oficial:<\/strong><\/a><\/div>\n<\/div>\n<\/div><\/div>\n\n\n\n<div class=\"wp-block-columns alignwide is-layout-flex wp-container-core-columns-is-layout-28f84493 wp-block-columns-is-layout-flex\">\n<div class=\"wp-block-column is-layout-flow wp-block-column-is-layout-flow\">\n<script type=\"text\/javascript\">\njQuery(document).ready(function() {\n\tjQuery(function(){\n\t\tjQuery('.sf-8-1').infiniteslide({\n\t\t\t'responsive': true\t\t});\n\t});\n\n\tjQuery('.scroll_item').on('mouseenter',function(){\n\t\tjQuery(this).find('.descdiv').css({\n\t\t\topacity:1\n\t\t});\n\t\t}).on('mouseleave',function(){\n\t\tjQuery(this).find('.descdiv').css({\n\t\t\topacity:0\n\t\t});\n\t});\n});\n<\/script>\n<div class=\"infiniteslide sf-8-1\">\n\t\t\t\t\t\t<div class=\"scroll_item sf_8_margin-1\">\n\t\t\t\t\t\t\t\t\t\t<div class=\"sf-8-content descdiv\">\n\t\t\t\t\t\t\t\t\t\t\t\t<div class=\"sf-8-title\">\n\t\t\t\t\t\t\tCacao\t\t\t\t\t\t<\/div>\n\t\t\t\t\t\t\t\t\t\t\t\t\n\t\t\t\t\t\t\t\t\t\t\t<\/div>\n\t\t\t\t\t\t\t\t\t\t<div>\n\t\t\t\t\t\t<img decoding=\"async\" class=\"sf_8_img-1\" src=\"https:\/\/trazabilidad.agricultura.gob.ec\/wp-content\/uploads\/2024\/07\/cacao_restored.jpeg\" alt=\"\">\n\t\t\t\t\t<\/div>\n\t\t\t\t<\/div>\n\t\t\t\t\t\t\t\t<div class=\"scroll_item sf_8_margin-1\">\n\t\t\t\t\t\t\t\t\t\t<div class=\"sf-8-content descdiv\">\n\t\t\t\t\t\t\t\t\t\t\t\t<div class=\"sf-8-title\">\n\t\t\t\t\t\t\tCaf\u00e9\t\t\t\t\t\t<\/div>\n\t\t\t\t\t\t\t\t\t\t\t\t\n\t\t\t\t\t\t\t\t\t\t\t<\/div>\n\t\t\t\t\t\t\t\t\t\t<div>\n\t\t\t\t\t\t<img decoding=\"async\" class=\"sf_8_img-1\" src=\"https:\/\/trazabilidad.agricultura.gob.ec\/wp-content\/uploads\/2024\/07\/coffee-6632524-scaled.jpg\" alt=\"\">\n\t\t\t\t\t<\/div>\n\t\t\t\t<\/div>\n\t\t\t\t\t\t\t\t<div class=\"scroll_item sf_8_margin-1\">\n\t\t\t\t\t\t\t\t\t\t<div class=\"sf-8-content descdiv\">\n\t\t\t\t\t\t\t\t\t\t\t\t<div class=\"sf-8-title\">\n\t\t\t\t\t\t\tPalma\t\t\t\t\t\t<\/div>\n\t\t\t\t\t\t\t\t\t\t\t\t\n\t\t\t\t\t\t\t\t\t\t\t<\/div>\n\t\t\t\t\t\t\t\t\t\t<div>\n\t\t\t\t\t\t<img decoding=\"async\" class=\"sf_8_img-1\" src=\"https:\/\/trazabilidad.agricultura.gob.ec\/wp-content\/uploads\/2024\/07\/palm-fruit-6863114-scaled.jpg\" alt=\"\">\n\t\t\t\t\t<\/div>\n\t\t\t\t<\/div>\n\t\t\t\t\t\t\t\t<div class=\"scroll_item sf_8_margin-1\">\n\t\t\t\t\t\t\t\t\t\t<div class=\"sf-8-content descdiv\">\n\t\t\t\t\t\t\t\t\t\t\t\t<div class=\"sf-8-title\">\n\t\t\t\t\t\t\tMadera\t\t\t\t\t\t<\/div>\n\t\t\t\t\t\t\t\t\t\t\t\t\n\t\t\t\t\t\t\t\t\t\t\t<\/div>\n\t\t\t\t\t\t\t\t\t\t<div>\n\t\t\t\t\t\t<img decoding=\"async\" class=\"sf_8_img-1\" src=\"https:\/\/trazabilidad.agricultura.gob.ec\/wp-content\/uploads\/2024\/07\/ries-bosch-zUBULxbHeCg-unsplash-scaled.jpg\" alt=\"\">\n\t\t\t\t\t<\/div>\n\t\t\t\t<\/div>\n\t\t\t\t<\/div>\n<style>\n.sf_8_margin-1 {\n\tmargin-right: 1%;\n}\n\n.infiniteslide .scroll_item {\n\tposition: relative;\n}\n\n.descdiv {\n\tposition: absolute;\n\topacity:0;\n\tbottom: 5%;\n\tcolor: #fff;\n\tpadding:5%;\n\tbackground: rgba(0,0,0,0.5);\n\twidth: 100%;\n\ttransition:all 1s;\n\tbox-sizing: border-box;\n}\n\n.infiniteslide .scroll_item .descdiv .sf-8-desc {\n\tmargin-top: 3%;\n\tmargin-bottom: 3%;\n}\n.sf_8_img-1 {\n\twidth: 400px;\n\theight: 200px;\n}\n<\/style>\n\n<\/div>\n<\/div>\n","protected":false},"excerpt":{"rendered":"","protected":false},"author":1,"featured_media":0,"parent":0,"menu_order":0,"comment_status":"closed","ping_status":"closed","template":"","meta":{"footnotes":""},"class_list":["post-354","page","type-page","status-publish","hentry"],"_links":{"self":[{"href":"https:\/\/trazabilidad.agricultura.gob.ec\/index.php?rest_route=\/wp\/v2\/pages\/354","targetHints":{"allow":["GET"]}}],"collection":[{"href":"https:\/\/trazabilidad.agricultura.gob.ec\/index.php?rest_route=\/wp\/v2\/pages"}],"about":[{"href":"https:\/\/trazabilidad.agricultura.gob.ec\/index.php?rest_route=\/wp\/v2\/types\/page"}],"author":[{"embeddable":true,"href":"https:\/\/trazabilidad.agricultura.gob.ec\/index.php?rest_route=\/wp\/v2\/users\/1"}],"replies":[{"embeddable":true,"href":"https:\/\/trazabilidad.agricultura.gob.ec\/index.php?rest_route=%2Fwp%2Fv2%2Fcomments&post=354"}],"version-history":[{"count":14,"href":"https:\/\/trazabilidad.agricultura.gob.ec\/index.php?rest_route=\/wp\/v2\/pages\/354\/revisions"}],"predecessor-version":[{"id":1305,"href":"https:\/\/trazabilidad.agricultura.gob.ec\/index.php?rest_route=\/wp\/v2\/pages\/354\/revisions\/1305"}],"wp:attachment":[{"href":"https:\/\/trazabilidad.agricultura.gob.ec\/index.php?rest_route=%2Fwp%2Fv2%2Fmedia&parent=354"}],"curies":[{"name":"wp","href":"https:\/\/api.w.org\/{rel}","templated":true}]}}